{"id":4308,"date":"2024-05-27T15:38:35","date_gmt":"2024-05-27T15:38:35","guid":{"rendered":"https:\/\/www.lacittadeibambini.org\/?page_id=4308"},"modified":"2025-10-01T22:02:13","modified_gmt":"2025-10-01T22:02:13","slug":"la-rete-internazionale-con-mappa-leaflet","status":"publish","type":"page","link":"https:\/\/lacittadeibambini.eu\/es\/la-rete-internazionale-con-mappa-leaflet\/","title":{"rendered":"La rete internazionale (con mappa Leaflet)"},"content":{"rendered":"\n<h1>\n\t\t\tLa Rete Internazionale &#8220;La Citt\u00e0 dei bambini&#8221;\t<\/h1>\n\t<section data-id=\"f133276\" data-element_type=\"section\">\n<p>Attualmente il Progetto \u00e8 presente in 15 paesi nel mondo, principalmente in Europa e America Latina: Italia, Portogallo, Spagna, Francia, Svizzera, Libano, Messico, Repubblica Dominicana, Costa Rica, Colombia, Per\u00f9, Brasile, Uruguay, Cile e Argentina. Sono pi\u00f9 di&nbsp;<b>300&nbsp;<\/b>le citt\u00e0 che aderiscono alla&nbsp;<strong>Rete Internazionale della Citt\u00e0 dei bambini<\/strong>. Le citt\u00e0 della Rete sono coordinate dal<strong>&nbsp;Laboratorio Internazionale&nbsp;<\/strong>\u00ab<a href=\"https:\/\/lacittadeibambini.eu\/progetto\/\"><strong>La citt\u00e0 dei bambini<\/strong><\/a>\u00bb dell&#8217;<strong><a href=\"http:\/\/www.istc.cnr.it\/\" target=\"_blank\" rel=\"noopener\">Istituto di Scienze e Tecnologie della Cognizione<\/a>&nbsp;<\/strong>del CNR di Roma.<\/p>\n<p>Oltre alla Rete internazionale, sono attive alcune reti nazionali: la rete italiana, la rete argentina, la rete brasiliana, la rete messicana, la rete di Lima e la rete spagnola.&nbsp; In alcuni casi, le reti nazionali includono anche reti provinciali o delle Comunit\u00e0 autonome com&#8217;\u00e8 il caso dell&#8217;Argentina e della Spagna.<\/p>\n<p>Nel 2013 la Regione Lazio ha aderito al progetto internazionale &#8220;La citt\u00e0 dei bambini&#8221; e sta sviluppando in maniera continuativa il progetto regionale&nbsp;<strong><a href=\"https:\/\/www.regione.lazio.it\/cittadini\/tutela-ambientale-difesa-suolo\/citta-sostenibili-Progetto-Lazio-Regione-Bambine-Bambini\" target=\"_blank\" rel=\"noopener\">&#8220;Il Lazio, la Regione delle bambine e dei bambini&#8221;<\/a><\/strong>, dando origine alla rete regionale.<\/p>\n<\/section>\n\t[geo_mashup_map height=&#8221;480&#8243; width=&#8221;100%&#8221; zoom=&#8221;auto&#8221; add_overview_control=&#8221;false&#8221; add_map_type_control=&#8221;false&#8221; auto_info_open=&#8221;false&#8221; enable_scroll_wheel_zoom=&#8221;false&#8221;]\n[geo_mashup_term_legend check_all=&#8221;false&#8221;]\n<h2>\n\t\t\tLe reti locali\t<\/h2>\n\t\t<h3><a href=\"https:\/\/lacittadeibambini.eu\/la-rete-della-regione-lazio\/\" target=\"_blank\" rel=\"noopener\">La Rete della Regione Lazio<\/a><\/h3>La Rete regionale, costituita da&nbsp;<strong>18&nbsp;Comuni&nbsp;<\/strong>e<strong>&nbsp;2 Municipi romani<\/strong>, nasce nel 2014 nell&#8217;ambito del progetto &#8220;<a href=\"https:\/\/www.regione.lazio.it\/cittadini\/tutela-ambientale-difesa-suolo\/regione-bambine-bambini\" target=\"_blank\" rel=\"noopener\"><strong>Il Lazio, la Regione delle bambine e dei bambini<\/strong><\/a>&#8220;. La rete \u00e8 coordinata dal Laboratorio regionale, gestito in maniera congiunta dall&#8217;ISTC-CNR e dalla Regione Lazio -Direzione Ambiente&nbsp; &#8211; Area Educazione e Comunicazione ambientale.<br>\nIl Laboratorio regionale, oltre a coordinare la rete, supporta i Comuni nella realizzazione delle attivit\u00e0 del progetto.\n<a href=\"https:\/\/lacittadeibambini.eu\/la-rete-della-regione-lazio\/\" rel=\"noopener\" target=\"_blank\">Scopri di pi\u00f9<\/a>\t\n\t\t<h3><a href=\"https:\/\/lacittadeibambini.eu\/la-rete-italiana\/\" target=\"_blank\" rel=\"noopener\">La Rete Italiana<\/a><\/h3><p>La Rete italiana nasce formalmente nel 1996, con lo scopo di sviluppare un senso di appartenenza al progetto, promuovere il confronto e la condivisione delle esperienze. Nello stesso anno si costituisce il Laboratorio internazionale &#8220;La citt\u00e0 dei bambini&#8221;, nell&#8217;ambito dell&#8217;Istituto di Scienze e Tecnologie della Cognizione del CNR. Il Laboratorio si pone l&#8217;obiettivo&nbsp; di fornire formazione, supporto e coordinamento alle citt\u00e0 che aderiscono al progetto.<\/p>\n<a href=\"https:\/\/lacittadeibambini.eu\/la-rete-italiana\/\" rel=\"noopener\" target=\"_blank\">Scopri di pi\u00f9<\/a>\t\n\t\t<h3><a href=\"https:\/\/lacittadeibambini.eu\/la-rete-spagnola\/\" target=\"_blank\" rel=\"noopener\">La Rete Spagnola<\/a><\/h3><p>La rete spagnola si \u00e8 costituita nel 2016 durante un incontro che si \u00e8 svolto a Granada, presso il museo Parque de las Ciencias; dopo questo incontro ne sono seguiti altri quattro: uno a&nbsp;<a href=\"https:\/\/www.depo.gal\/es\/provincia-tonucci\/encontro-rede-espanola-cidades-dos-nenos-e-nenas\/\"><strong>Pontevedra<\/strong><\/a>&nbsp;(Galizia) nel 2017, uno a&nbsp;<a href=\"https:\/\/www.huesca.es\/areas\/infancia\/ciudad-de-las-ninas-y-de-los-ninos\/iii-encuentro-de-la-red-nacional-de-la-ciudad-de-las-ninas-y-los-ninos\"><strong>Huesca<\/strong><\/a>&nbsp;(Aragona) nel 2018, uno a&nbsp;<a href=\"http:\/\/www.cabildofuer.es\/cabildo\/mas-de-treinta-ciudades-participan-en-el-iv-encuentro-de-la-red-nacional-de-ciudades-de-las-ninas-y-los-ninos\/)\"><strong>Fuerteventura<\/strong><\/a>&nbsp;(Isole Canarie) nel 2019 e l&#8217;ultimo a Burjassot nel 2023.<\/p>\n\n<a href=\"https:\/\/lacittadeibambini.eu\/la-rete-spagnola\/\" rel=\"noopener\" target=\"_blank\">Scopri di pi\u00f9<\/a>\t\n\t\t<h3><a href=\"https:\/\/lacittadeibambini.eu\/la-rete-dell-america-latina\/\" target=\"_self\" rel=\"noopener\">La Rete dell&#8217;America Latina<\/a><\/h3><p>La Rete Latinoamericana&nbsp;<em>&#8220;La ciudad de las ni\u00f1as y de los ni\u00f1os&#8221;&nbsp;<\/em>nasce a Santa Fe, Argentina, nel maggio 2009. Quell&#8217;anno, la provincia di Santa Fe, per volere personale del Governatore Hermes Binner, apre un&nbsp;<strong>Laboratorio Latinoamericano&nbsp;<\/strong>che, utilizzando le competenze sviluppate all&#8217;interno dell&#8217;esperienza di Rosario, cerca di promuovere la conoscenza dei contenuti e lo sviluppo del progetto nei comuni della Provincia di Santa Fe, cos\u00ec come in altre citt\u00e0 argentine e in alcune citt\u00e0 degli Stati dell&#8217;America Latina.<\/p>\n<a href=\"https:\/\/lacittadeibambini.eu\/la-rete-dell-america-latina\/\" target=\"_self\" rel=\"noopener\">Scopri di pi\u00f9<\/a>\t\n<h3>\n\t\t\tLe attivit\u00e0 della Rete Internazionale\t<\/h3>\n\t<p><strong>La Rete Internazionale<\/strong><\/p>\n<p>La Rete Internazionale nasce con l&#8217;intento di fornire supporto alle citt\u00e0 che aderiscono, di coordinare le attivit\u00e0, di favorire lo scambio e il confronto.&nbsp; Le citt\u00e0 della Rete si incontrano durante i Convegni Internazionali e durante gli incontri locali e\/o nazionali.<\/p>\n<p><strong>Il Laboratorio Internazionale<\/strong><\/p>\n<p>La progettazione, lo sviluppo, il coordinamento e le attivit\u00e0 di ricerca sul progetto vengono svolte dal Laboratorio Internazionale.<\/p>\n<p>Il Laboratorio Internazionale ha tra le sue funzioni:<\/p>\n<ul>\n<li>il coordinamento della Rete, la raccolta delle adesioni, la raccolta delle esperienze, la disseminazione dei risultati, la facilitazione dei contatti e degli incontri;<\/li>\n<li>la formazione, il supporto alla progettazione, l&#8217;elaborazione di strumenti di supporto alla realizzazione delle attivit\u00e0 previste dal progetto (ad es. i manuali metodologici);<\/li>\n<li>la ricerca valutativa sull&#8217;efficacia del progetto nel raggiungere i risultati attesi e sull&#8217;impatto delle esperienze proposte sui vari attori sociali coinvolti (bambini, genitori, amministratori locali, insegnanti e dirigenti scolastici).<\/li>\n<\/ul>\n<p>Il Laboratorio Internazionale ospita il Centro di Documentazione internazionale che \u00e8 stato recentemente digitalizzato ed \u00e8 accessibile al seguente link:&nbsp;<strong><a href=\"https:\/\/lacittadeibambini.eu\/archivio-storico-del-progetto\/\" target=\"_blank\" rel=\"noopener\">Archivio storico del progetto;<\/a><\/strong><\/p>\n<p>Il Laboratorio \u00e8 inoltre \u00e8 il luogo dove si svolgono:<\/p>\n<ul>\n<li>gli incontri con gli amministratori delle citt\u00e0 che intendono aderire al progetto;<\/li>\n<li>i corsi di formazione rivolti agli amministratori locali, ai referenti, al gruppo di lavoro.<\/li>\n<\/ul>\n<p>Dal 2023,&nbsp;<strong><a href=\"https:\/\/francescotonucci.org\/francesco-tonucci-frato\/la-citta-dei-bambini\/\">l&#8217;Associazione Francesco Tonucci<\/a><\/strong>, grazie a un accordo di collaborazione con l&#8217;Istituto di Scienze e Tecnologie della Cognizione del CNR, porta avanti la gestione e il coordinamento delle citt\u00e0 e le reti a livello internazionale, attraverso la collaborazione di un gruppo di esperti e volontari dei diversi paesi, che affiancano i coordinamenti, partecipano alla formazione e alla valutazione e al monitoraggio del progetto.<\/p>\n<p>La sperimentazione del lavoro di rete si \u00e8 dimostrata come la migliore strategia per sviluppare il progetto nelle varie citt\u00e0.&nbsp;<em>La rete<\/em>&nbsp;favorisce una dinamica di scambio e di ispirazione reciproca, consente di portare avanti iniziative condivise e assicura il supporto dei diversi coordinatori del progetto attivi nelle diverse realt\u00e0.<\/p>\n<h3>\n\t\t\tApprofondimenti\t<\/h3>\n\t\u2192&nbsp;<a href=\"https:\/\/www.facebook.com\/La-citt%C3%A0-dei-bambini-1115314935313311\/\"><b>Visita la pagina Facebook&nbsp; del Progetto &#8220;La citt\u00e0 dei Bambini&#8221;<\/b><\/a><!--\n\u2192 Bollettino n.4\n\u2192 i manuali\n\u2192 video (?)\n -->\n<p><strong><a href=\"https:\/\/francescotonucci.org\/\" target=\"_blank\" rel=\"noopener\">\u2192 Visita il sito dell&#8217;Associazione Francesco Tonucci<\/a><\/strong><\/p>\n<p>\u2192 <strong><a href=\"https:\/\/www.facebook.com\/groups\/redlatamcdn\/\">Visita il gruppo Facebook &#8220;La Ciudad de las Ni\u00f1as y de los Ni\u00f1os: Red Latinomericana&#8221;<\/a><\/strong><\/p>\n<p>\u2192 <a href=\"http:\/\/www.huesca.es\/areas\/infancia\/ciudad-de-las-ninas-y-de-los-ninos\/\"><b>Visita il sito &#8220;Ciudad de las Ni\u00f1as y de los Ni\u00f1os&#8221; di Huesca<\/b><\/a><\/p>\n<p>\u2192 <a href=\"http:\/\/www.cittadeibambinimalnate.it\/\"><strong>Visita il sito &#8220;La Citt\u00e0 dei Bambini&#8221; di Malnate<\/strong><\/a><\/p>\n","protected":false},"excerpt":{"rendered":"<p>La Rete Internazionale &#8220;La Citt\u00e0 dei bambini&#8221; Attualmente il Progetto \u00e8 presente in 15 paesi nel mondo, principalmente in Europa e America Latina: Italia, Portogallo,&hellip;<\/p>\n","protected":false},"author":14,"featured_media":0,"parent":0,"menu_order":0,"comment_status":"closed","ping_status":"closed","template":"","meta":{"spay_email":"","footnotes":""},"class_list":["post-4308","page","type-page","status-publish","hentry"],"jetpack_sharing_enabled":true,"jetpack_shortlink":"https:\/\/wp.me\/P9FMIQ-17u","_links":{"self":[{"href":"https:\/\/lacittadeibambini.eu\/es\/wp-json\/wp\/v2\/pages\/4308","targetHints":{"allow":["GET"]}}],"collection":[{"href":"https:\/\/lacittadeibambini.eu\/es\/wp-json\/wp\/v2\/pages"}],"about":[{"href":"https:\/\/lacittadeibambini.eu\/es\/wp-json\/wp\/v2\/types\/page"}],"author":[{"embeddable":true,"href":"https:\/\/lacittadeibambini.eu\/es\/wp-json\/wp\/v2\/users\/14"}],"replies":[{"embeddable":true,"href":"https:\/\/lacittadeibambini.eu\/es\/wp-json\/wp\/v2\/comments?post=4308"}],"version-history":[{"count":4,"href":"https:\/\/lacittadeibambini.eu\/es\/wp-json\/wp\/v2\/pages\/4308\/revisions"}],"predecessor-version":[{"id":5605,"href":"https:\/\/lacittadeibambini.eu\/es\/wp-json\/wp\/v2\/pages\/4308\/revisions\/5605"}],"wp:attachment":[{"href":"https:\/\/lacittadeibambini.eu\/es\/wp-json\/wp\/v2\/media?parent=4308"}],"curies":[{"name":"wp","href":"https:\/\/api.w.org\/{rel}","templated":true}]}}

<h1>
			La Rete Internazionale &#8220;La Città dei bambini&#8221;	</h1>
	<section data-id="f133276" data-element_type="section">
<p>Attualmente il Progetto è presente in 15 paesi nel mondo, principalmente in Europa e America Latina: Italia, Portogallo, Spagna, Francia, Svizzera, Libano, Messico, Repubblica Dominicana, Costa Rica, Colombia, Perù, Brasile, Uruguay, Cile e Argentina. Sono più di&nbsp;<b>300&nbsp;</b>le città che aderiscono alla&nbsp;<strong>Rete Internazionale della Città dei bambini</strong>. Le città della Rete sono coordinate dal<strong>&nbsp;Laboratorio Internazionale&nbsp;</strong>«<a href="https://lacittadeibambini.eu/progetto/"><strong>La città dei bambini</strong></a>» dell&#8217;<strong><a href="http://www.istc.cnr.it/" target="_blank" rel="noopener">Istituto di Scienze e Tecnologie della Cognizione</a>&nbsp;</strong>del CNR di Roma.</p>
<p>Oltre alla Rete internazionale, sono attive alcune reti nazionali: la rete italiana, la rete argentina, la rete brasiliana, la rete messicana, la rete di Lima e la rete spagnola.&nbsp; In alcuni casi, le reti nazionali includono anche reti provinciali o delle Comunità autonome com&#8217;è il caso dell&#8217;Argentina e della Spagna.</p>
<p>Nel 2013 la Regione Lazio ha aderito al progetto internazionale &#8220;La città dei bambini&#8221; e sta sviluppando in maniera continuativa il progetto regionale&nbsp;<strong><a href="https://www.regione.lazio.it/cittadini/tutela-ambientale-difesa-suolo/citta-sostenibili-Progetto-Lazio-Regione-Bambine-Bambini" target="_blank" rel="noopener">&#8220;Il Lazio, la Regione delle bambine e dei bambini&#8221;</a></strong>, dando origine alla rete regionale.</p>
</section>
	[geo_mashup_map height=&#8221;480&#8243; width=&#8221;100%&#8221; zoom=&#8221;auto&#8221; add_overview_control=&#8221;false&#8221; add_map_type_control=&#8221;false&#8221; auto_info_open=&#8221;false&#8221; enable_scroll_wheel_zoom=&#8221;false&#8221;]
[geo_mashup_term_legend check_all=&#8221;false&#8221;]
<h2>
			Le reti locali	</h2>
		<h3><a href="https://lacittadeibambini.eu/la-rete-della-regione-lazio/" target="_blank" rel="noopener">La Rete della Regione Lazio</a></h3>La Rete regionale, costituita da&nbsp;<strong>18&nbsp;Comuni&nbsp;</strong>e<strong>&nbsp;2 Municipi romani</strong>, nasce nel 2014 nell&#8217;ambito del progetto &#8220;<a href="https://www.regione.lazio.it/cittadini/tutela-ambientale-difesa-suolo/regione-bambine-bambini" target="_blank" rel="noopener"><strong>Il Lazio, la Regione delle bambine e dei bambini</strong></a>&#8220;. La rete è coordinata dal Laboratorio regionale, gestito in maniera congiunta dall&#8217;ISTC-CNR e dalla Regione Lazio -Direzione Ambiente&nbsp; &#8211; Area Educazione e Comunicazione ambientale.<br>
Il Laboratorio regionale, oltre a coordinare la rete, supporta i Comuni nella realizzazione delle attività del progetto.
<a href="https://lacittadeibambini.eu/la-rete-della-regione-lazio/" rel="noopener" target="_blank">Scopri di più</a>	
		<h3><a href="https://lacittadeibambini.eu/la-rete-italiana/" target="_blank" rel="noopener">La Rete Italiana</a></h3><p>La Rete italiana nasce formalmente nel 1996, con lo scopo di sviluppare un senso di appartenenza al progetto, promuovere il confronto e la condivisione delle esperienze. Nello stesso anno si costituisce il Laboratorio internazionale &#8220;La città dei bambini&#8221;, nell&#8217;ambito dell&#8217;Istituto di Scienze e Tecnologie della Cognizione del CNR. Il Laboratorio si pone l&#8217;obiettivo&nbsp; di fornire formazione, supporto e coordinamento alle città che aderiscono al progetto.</p>
<a href="https://lacittadeibambini.eu/la-rete-italiana/" rel="noopener" target="_blank">Scopri di più</a>	
		<h3><a href="https://lacittadeibambini.eu/la-rete-spagnola/" target="_blank" rel="noopener">La Rete Spagnola</a></h3><p>La rete spagnola si è costituita nel 2016 durante un incontro che si è svolto a Granada, presso il museo Parque de las Ciencias; dopo questo incontro ne sono seguiti altri quattro: uno a&nbsp;<a href="https://www.depo.gal/es/provincia-tonucci/encontro-rede-espanola-cidades-dos-nenos-e-nenas/"><strong>Pontevedra</strong></a>&nbsp;(Galizia) nel 2017, uno a&nbsp;<a href="https://www.huesca.es/areas/infancia/ciudad-de-las-ninas-y-de-los-ninos/iii-encuentro-de-la-red-nacional-de-la-ciudad-de-las-ninas-y-los-ninos"><strong>Huesca</strong></a>&nbsp;(Aragona) nel 2018, uno a&nbsp;<a href="http://www.cabildofuer.es/cabildo/mas-de-treinta-ciudades-participan-en-el-iv-encuentro-de-la-red-nacional-de-ciudades-de-las-ninas-y-los-ninos/)"><strong>Fuerteventura</strong></a>&nbsp;(Isole Canarie) nel 2019 e l&#8217;ultimo a Burjassot nel 2023.</p>

<a href="https://lacittadeibambini.eu/la-rete-spagnola/" rel="noopener" target="_blank">Scopri di più</a>	
		<h3><a href="https://lacittadeibambini.eu/la-rete-dell-america-latina/" target="_self" rel="noopener">La Rete dell&#8217;America Latina</a></h3><p>La Rete Latinoamericana&nbsp;<em>&#8220;La ciudad de las niñas y de los niños&#8221;&nbsp;</em>nasce a Santa Fe, Argentina, nel maggio 2009. Quell&#8217;anno, la provincia di Santa Fe, per volere personale del Governatore Hermes Binner, apre un&nbsp;<strong>Laboratorio Latinoamericano&nbsp;</strong>che, utilizzando le competenze sviluppate all&#8217;interno dell&#8217;esperienza di Rosario, cerca di promuovere la conoscenza dei contenuti e lo sviluppo del progetto nei comuni della Provincia di Santa Fe, così come in altre città argentine e in alcune città degli Stati dell&#8217;America Latina.</p>
<a href="https://lacittadeibambini.eu/la-rete-dell-america-latina/" target="_self" rel="noopener">Scopri di più</a>	
<h3>
			Le attività della Rete Internazionale	</h3>
	<p><strong>La Rete Internazionale</strong></p>
<p>La Rete Internazionale nasce con l&#8217;intento di fornire supporto alle città che aderiscono, di coordinare le attività, di favorire lo scambio e il confronto.&nbsp; Le città della Rete si incontrano durante i Convegni Internazionali e durante gli incontri locali e/o nazionali.</p>
<p><strong>Il Laboratorio Internazionale</strong></p>
<p>La progettazione, lo sviluppo, il coordinamento e le attività di ricerca sul progetto vengono svolte dal Laboratorio Internazionale.</p>
<p>Il Laboratorio Internazionale ha tra le sue funzioni:</p>
<ul>
<li>il coordinamento della Rete, la raccolta delle adesioni, la raccolta delle esperienze, la disseminazione dei risultati, la facilitazione dei contatti e degli incontri;</li>
<li>la formazione, il supporto alla progettazione, l&#8217;elaborazione di strumenti di supporto alla realizzazione delle attività previste dal progetto (ad es. i manuali metodologici);</li>
<li>la ricerca valutativa sull&#8217;efficacia del progetto nel raggiungere i risultati attesi e sull&#8217;impatto delle esperienze proposte sui vari attori sociali coinvolti (bambini, genitori, amministratori locali, insegnanti e dirigenti scolastici).</li>
</ul>
<p>Il Laboratorio Internazionale ospita il Centro di Documentazione internazionale che è stato recentemente digitalizzato ed è accessibile al seguente link:&nbsp;<strong><a href="https://lacittadeibambini.eu/archivio-storico-del-progetto/" target="_blank" rel="noopener">Archivio storico del progetto;</a></strong></p>
<p>Il Laboratorio è inoltre è il luogo dove si svolgono:</p>
<ul>
<li>gli incontri con gli amministratori delle città che intendono aderire al progetto;</li>
<li>i corsi di formazione rivolti agli amministratori locali, ai referenti, al gruppo di lavoro.</li>
</ul>
<p>Dal 2023,&nbsp;<strong><a href="https://francescotonucci.org/francesco-tonucci-frato/la-citta-dei-bambini/">l&#8217;Associazione Francesco Tonucci</a></strong>, grazie a un accordo di collaborazione con l&#8217;Istituto di Scienze e Tecnologie della Cognizione del CNR, porta avanti la gestione e il coordinamento delle città e le reti a livello internazionale, attraverso la collaborazione di un gruppo di esperti e volontari dei diversi paesi, che affiancano i coordinamenti, partecipano alla formazione e alla valutazione e al monitoraggio del progetto.</p>
<p>La sperimentazione del lavoro di rete si è dimostrata come la migliore strategia per sviluppare il progetto nelle varie città.&nbsp;<em>La rete</em>&nbsp;favorisce una dinamica di scambio e di ispirazione reciproca, consente di portare avanti iniziative condivise e assicura il supporto dei diversi coordinatori del progetto attivi nelle diverse realtà.</p>
<h3>
			Approfondimenti	</h3>
	→&nbsp;<a href="https://www.facebook.com/La-citt%C3%A0-dei-bambini-1115314935313311/"><b>Visita la pagina Facebook&nbsp; del Progetto &#8220;La città dei Bambini&#8221;</b></a><!--
→ Bollettino n.4
→ i manuali
→ video (?)
 -->
<p><strong><a href="https://francescotonucci.org/" target="_blank" rel="noopener">→ Visita il sito dell&#8217;Associazione Francesco Tonucci</a></strong></p>
<p>→ <strong><a href="https://www.facebook.com/groups/redlatamcdn/">Visita il gruppo Facebook &#8220;La Ciudad de las Niñas y de los Niños: Red Latinomericana&#8221;</a></strong></p>
<p>→ <a href="http://www.huesca.es/areas/infancia/ciudad-de-las-ninas-y-de-los-ninos/"><b>Visita il sito &#8220;Ciudad de las Niñas y de los Niños&#8221; di Huesca</b></a></p>
<p>→ <a href="http://www.cittadeibambinimalnate.it/"><strong>Visita il sito &#8220;La Città dei Bambini&#8221; di Malnate</strong></a></p>

<p>La Rete Internazionale &#8220;La Città dei bambini&#8221; Attualmente il Progetto è presente in 15 paesi nel mondo, principalmente in Europa e America Latina: Italia, Portogallo,&hellip;</p>
